{"id":232,"date":"2025-01-15T22:13:46","date_gmt":"2025-01-15T22:13:46","guid":{"rendered":"https:\/\/sispack.com.br\/livro\/?post_type=product&#038;p=232"},"modified":"2025-01-20T23:49:02","modified_gmt":"2025-01-20T23:49:02","slug":"biosseguranca-4-0-novos-protocolos-e-tecnologias-na-odontologia","status":"publish","type":"product","link":"https:\/\/sispack.com.br\/livro\/produto\/biosseguranca-4-0-novos-protocolos-e-tecnologias-na-odontologia\/","title":{"rendered":"Biosseguran\u00e7a 4.0: Novos Protocolos e Tecnologias na Odontologia"},"content":{"rendered":"<p>Escrito pela renomada Lusiane Borges e com o apoio da Sispack, l\u00edder em biosseguran\u00e7a h\u00e1 40 anos, este livro \u00e9 um marco no controle de infec\u00e7\u00f5es na odontologia.<br \/>\nEle combina inova\u00e7\u00e3o, tecnologia de ponta e pr\u00e1ticas modernas para garantir prote\u00e7\u00e3o m\u00e1xima no ambiente cl\u00ednico.<\/p>\n","protected":false},"excerpt":{"rendered":"<p>Escrito pela renomada Lusiane Borges e com o apoio da Sispack, l\u00edder em biosseguran\u00e7a h\u00e1 40 anos, este livro \u00e9 um marco no controle de infec\u00e7\u00f5es na odontologia. Ele combina inova\u00e7\u00e3o, tecnologia de ponta e pr\u00e1ticas modernas para garantir prote\u00e7\u00e3o m\u00e1xima no ambiente cl\u00ednico.<\/p>\n","protected":false},"featured_media":292,"comment_status":"open","ping_status":"closed","template":"","meta":[],"product_brand":[],"product_cat":[25],"product_tag":[26],"class_list":{"0":"post-232","1":"product","2":"type-product","3":"status-publish","4":"has-post-thumbnail","6":"product_cat-saude","7":"product_tag-biosseguranca","9":"first","10":"instock","11":"sale","12":"taxable","13":"shipping-taxable","14":"purchasable","15":"product-type-simple"},"_links":{"self":[{"href":"https:\/\/sispack.com.br\/livro\/wp-json\/wp\/v2\/product\/232","targetHints":{"allow":["GET"]}}],"collection":[{"href":"https:\/\/sispack.com.br\/livro\/wp-json\/wp\/v2\/product"}],"about":[{"href":"https:\/\/sispack.com.br\/livro\/wp-json\/wp\/v2\/types\/product"}],"replies":[{"embeddable":true,"href":"https:\/\/sispack.com.br\/livro\/wp-json\/wp\/v2\/comments?post=232"}],"wp:featuredmedia":[{"embeddable":true,"href":"https:\/\/sispack.com.br\/livro\/wp-json\/wp\/v2\/media\/292"}],"wp:attachment":[{"href":"https:\/\/sispack.com.br\/livro\/wp-json\/wp\/v2\/media?parent=232"}],"wp:term":[{"taxonomy":"product_brand","embeddable":true,"href":"https:\/\/sispack.com.br\/livro\/wp-json\/wp\/v2\/product_brand?post=232"},{"taxonomy":"product_cat","embeddable":true,"href":"https:\/\/sispack.com.br\/livro\/wp-json\/wp\/v2\/product_cat?post=232"},{"taxonomy":"product_tag","embeddable":true,"href":"https:\/\/sispack.com.br\/livro\/wp-json\/wp\/v2\/product_tag?post=232"}],"curies":[{"name":"wp","href":"https:\/\/api.w.org\/{rel}","templated":true}]}}